{"id":627,"date":"2025-07-04T15:22:23","date_gmt":"2025-07-04T13:22:23","guid":{"rendered":"https:\/\/vallaltavinicola.cat\/destacat\/compromiso-con-la-agricultura-regenerativa\/"},"modified":"2025-08-12T08:37:57","modified_gmt":"2025-08-12T06:37:57","slug":"compromiso-con-la-agricultura-regenerativa","status":"publish","type":"destacat","link":"https:\/\/vallaltavinicola.cat\/es\/destacat\/compromiso-con-la-agricultura-regenerativa\/","title":{"rendered":"Compromiso con la agricultura regenerativa"},"content":{"rendered":"\n<p>Cultivamos bajo criterios de Agricultura Regenerativa, implementando pr\u00e1cticas sostenibles que promueven la salud del suelo, la biodiversidad y el equilibrio de los ecosistemas. Estamos certificados por el sello de Producci\u00f3n Agraria Ecol\u00f3gica (CCPAE), reafirmando nuestro compromiso con un vino aut\u00e9ntico, saludable y respetuoso con el territorio.<\/p>\n","protected":false},"featured_media":502,"template":"","meta":{"_acf_changed":false},"class_list":["post-627","destacat","type-destacat","status-publish","has-post-thumbnail","hentry"],"acf":[],"yoast_head":"<!-- This site is optimized with the Yoast SEO plugin v27.1.1 - https:\/\/yoast.com\/product\/yoast-seo-wordpress\/ -->\n<title>Compromiso con la agricultura regenerativa - Vallalta Vin\u00edcola<\/title>\n<meta name=\"robots\" content=\"index, follow, max-snippet:-1, max-image-preview:large, max-video-preview:-1\" \/>\n<link rel=\"canonical\" href=\"https:\/\/vallaltavinicola.cat\/es\/destacat\/compromiso-con-la-agricultura-regenerativa\/\" \/>\n<meta property=\"og:locale\" content=\"es_ES\" \/>\n<meta property=\"og:type\" content=\"article\" \/>\n<meta property=\"og:title\" content=\"Compromiso con la agricultura regenerativa - Vallalta Vin\u00edcola\" \/>\n<meta property=\"og:description\" content=\"Cultivamos bajo criterios de Agricultura Regenerativa, implementando pr\u00e1cticas sostenibles que promueven la salud del suelo, la biodiversidad y el equilibrio de los ecosistemas. Estamos certificados por el sello de Producci\u00f3n Agraria Ecol\u00f3gica (CCPAE), reafirmando nuestro compromiso con un vino aut\u00e9ntico, saludable y respetuoso con el territorio.\" \/>\n<meta property=\"og:url\" content=\"https:\/\/vallaltavinicola.cat\/es\/destacat\/compromiso-con-la-agricultura-regenerativa\/\" \/>\n<meta property=\"og:site_name\" content=\"Vallalta Vin\u00edcola\" \/>\n<meta property=\"article:modified_time\" content=\"2025-08-12T06:37:57+00:00\" \/>\n<meta property=\"og:image\" content=\"https:\/\/vallaltavinicola.cat\/wp-content\/uploads\/2025\/06\/Home_Foto.jpg\" \/>\n\t<meta property=\"og:image:width\" content=\"974\" \/>\n\t<meta property=\"og:image:height\" content=\"784\" \/>\n\t<meta property=\"og:image:type\" content=\"image\/jpeg\" \/>\n<meta name=\"twitter:card\" content=\"summary_large_image\" \/>\n<script type=\"application\/ld+json\" class=\"yoast-schema-graph\">{\"@context\":\"https:\/\/schema.org\",\"@graph\":[{\"@type\":\"WebPage\",\"@id\":\"https:\/\/vallaltavinicola.cat\/es\/destacat\/compromiso-con-la-agricultura-regenerativa\/\",\"url\":\"https:\/\/vallaltavinicola.cat\/es\/destacat\/compromiso-con-la-agricultura-regenerativa\/\",\"name\":\"Compromiso con la agricultura regenerativa - Vallalta Vin\u00edcola\",\"isPartOf\":{\"@id\":\"https:\/\/vallaltavinicola.cat\/es\/#website\"},\"primaryImageOfPage\":{\"@id\":\"https:\/\/vallaltavinicola.cat\/es\/destacat\/compromiso-con-la-agricultura-regenerativa\/#primaryimage\"},\"image\":{\"@id\":\"https:\/\/vallaltavinicola.cat\/es\/destacat\/compromiso-con-la-agricultura-regenerativa\/#primaryimage\"},\"thumbnailUrl\":\"https:\/\/vallaltavinicola.cat\/wp-content\/uploads\/2025\/06\/Home_Foto.jpg\",\"datePublished\":\"2025-07-04T13:22:23+00:00\",\"dateModified\":\"2025-08-12T06:37:57+00:00\",\"breadcrumb\":{\"@id\":\"https:\/\/vallaltavinicola.cat\/es\/destacat\/compromiso-con-la-agricultura-regenerativa\/#breadcrumb\"},\"inLanguage\":\"es\",\"potentialAction\":[{\"@type\":\"ReadAction\",\"target\":[\"https:\/\/vallaltavinicola.cat\/es\/destacat\/compromiso-con-la-agricultura-regenerativa\/\"]}]},{\"@type\":\"ImageObject\",\"inLanguage\":\"es\",\"@id\":\"https:\/\/vallaltavinicola.cat\/es\/destacat\/compromiso-con-la-agricultura-regenerativa\/#primaryimage\",\"url\":\"https:\/\/vallaltavinicola.cat\/wp-content\/uploads\/2025\/06\/Home_Foto.jpg\",\"contentUrl\":\"https:\/\/vallaltavinicola.cat\/wp-content\/uploads\/2025\/06\/Home_Foto.jpg\",\"width\":974,\"height\":784},{\"@type\":\"BreadcrumbList\",\"@id\":\"https:\/\/vallaltavinicola.cat\/es\/destacat\/compromiso-con-la-agricultura-regenerativa\/#breadcrumb\",\"itemListElement\":[{\"@type\":\"ListItem\",\"position\":1,\"name\":\"Inici\",\"item\":\"https:\/\/vallaltavinicola.cat\/es\/inicio\/\"},{\"@type\":\"ListItem\",\"position\":2,\"name\":\"Compromiso con la agricultura regenerativa\"}]},{\"@type\":\"WebSite\",\"@id\":\"https:\/\/vallaltavinicola.cat\/es\/#website\",\"url\":\"https:\/\/vallaltavinicola.cat\/es\/\",\"name\":\"Vallalta Vin\u00edcola\",\"description\":\"Artesans del vi i de la vinya de l&#039;Alt Maresme\",\"publisher\":{\"@id\":\"https:\/\/vallaltavinicola.cat\/es\/#organization\"},\"alternateName\":\"vallaltavinicola.cat\",\"potentialAction\":[{\"@type\":\"SearchAction\",\"target\":{\"@type\":\"EntryPoint\",\"urlTemplate\":\"https:\/\/vallaltavinicola.cat\/es\/?s={search_term_string}\"},\"query-input\":{\"@type\":\"PropertyValueSpecification\",\"valueRequired\":true,\"valueName\":\"search_term_string\"}}],\"inLanguage\":\"es\"},{\"@type\":\"Organization\",\"@id\":\"https:\/\/vallaltavinicola.cat\/es\/#organization\",\"name\":\"Vallalta Vin\u00edcola\",\"alternateName\":\"vallaltavinicola.cat\",\"url\":\"https:\/\/vallaltavinicola.cat\/es\/\",\"logo\":{\"@type\":\"ImageObject\",\"inLanguage\":\"es\",\"@id\":\"https:\/\/vallaltavinicola.cat\/es\/#\/schema\/logo\/image\/\",\"url\":\"https:\/\/vallaltavinicola.cat\/wp-content\/uploads\/2025\/06\/logo-vallalta-vinicola-idili-grafic.png\",\"contentUrl\":\"https:\/\/vallaltavinicola.cat\/wp-content\/uploads\/2025\/06\/logo-vallalta-vinicola-idili-grafic.png\",\"width\":550,\"height\":450,\"caption\":\"Vallalta Vin\u00edcola\"},\"image\":{\"@id\":\"https:\/\/vallaltavinicola.cat\/es\/#\/schema\/logo\/image\/\"},\"sameAs\":[\"https:\/\/www.instagram.com\/vallalta_vinicola\/\"]}]}<\/script>\n<!-- \/ Yoast SEO plugin. -->","yoast_head_json":{"title":"Compromiso con la agricultura regenerativa - Vallalta Vin\u00edcola","robots":{"index":"index","follow":"follow","max-snippet":"max-snippet:-1","max-image-preview":"max-image-preview:large","max-video-preview":"max-video-preview:-1"},"canonical":"https:\/\/vallaltavinicola.cat\/es\/destacat\/compromiso-con-la-agricultura-regenerativa\/","og_locale":"es_ES","og_type":"article","og_title":"Compromiso con la agricultura regenerativa - Vallalta Vin\u00edcola","og_description":"Cultivamos bajo criterios de Agricultura Regenerativa, implementando pr\u00e1cticas sostenibles que promueven la salud del suelo, la biodiversidad y el equilibrio de los ecosistemas. Estamos certificados por el sello de Producci\u00f3n Agraria Ecol\u00f3gica (CCPAE), reafirmando nuestro compromiso con un vino aut\u00e9ntico, saludable y respetuoso con el territorio.","og_url":"https:\/\/vallaltavinicola.cat\/es\/destacat\/compromiso-con-la-agricultura-regenerativa\/","og_site_name":"Vallalta Vin\u00edcola","article_modified_time":"2025-08-12T06:37:57+00:00","og_image":[{"width":974,"height":784,"url":"https:\/\/vallaltavinicola.cat\/wp-content\/uploads\/2025\/06\/Home_Foto.jpg","type":"image\/jpeg"}],"twitter_card":"summary_large_image","schema":{"@context":"https:\/\/schema.org","@graph":[{"@type":"WebPage","@id":"https:\/\/vallaltavinicola.cat\/es\/destacat\/compromiso-con-la-agricultura-regenerativa\/","url":"https:\/\/vallaltavinicola.cat\/es\/destacat\/compromiso-con-la-agricultura-regenerativa\/","name":"Compromiso con la agricultura regenerativa - Vallalta Vin\u00edcola","isPartOf":{"@id":"https:\/\/vallaltavinicola.cat\/es\/#website"},"primaryImageOfPage":{"@id":"https:\/\/vallaltavinicola.cat\/es\/destacat\/compromiso-con-la-agricultura-regenerativa\/#primaryimage"},"image":{"@id":"https:\/\/vallaltavinicola.cat\/es\/destacat\/compromiso-con-la-agricultura-regenerativa\/#primaryimage"},"thumbnailUrl":"https:\/\/vallaltavinicola.cat\/wp-content\/uploads\/2025\/06\/Home_Foto.jpg","datePublished":"2025-07-04T13:22:23+00:00","dateModified":"2025-08-12T06:37:57+00:00","breadcrumb":{"@id":"https:\/\/vallaltavinicola.cat\/es\/destacat\/compromiso-con-la-agricultura-regenerativa\/#breadcrumb"},"inLanguage":"es","potentialAction":[{"@type":"ReadAction","target":["https:\/\/vallaltavinicola.cat\/es\/destacat\/compromiso-con-la-agricultura-regenerativa\/"]}]},{"@type":"ImageObject","inLanguage":"es","@id":"https:\/\/vallaltavinicola.cat\/es\/destacat\/compromiso-con-la-agricultura-regenerativa\/#primaryimage","url":"https:\/\/vallaltavinicola.cat\/wp-content\/uploads\/2025\/06\/Home_Foto.jpg","contentUrl":"https:\/\/vallaltavinicola.cat\/wp-content\/uploads\/2025\/06\/Home_Foto.jpg","width":974,"height":784},{"@type":"BreadcrumbList","@id":"https:\/\/vallaltavinicola.cat\/es\/destacat\/compromiso-con-la-agricultura-regenerativa\/#breadcrumb","itemListElement":[{"@type":"ListItem","position":1,"name":"Inici","item":"https:\/\/vallaltavinicola.cat\/es\/inicio\/"},{"@type":"ListItem","position":2,"name":"Compromiso con la agricultura regenerativa"}]},{"@type":"WebSite","@id":"https:\/\/vallaltavinicola.cat\/es\/#website","url":"https:\/\/vallaltavinicola.cat\/es\/","name":"Vallalta Vin\u00edcola","description":"Artesans del vi i de la vinya de l&#039;Alt Maresme","publisher":{"@id":"https:\/\/vallaltavinicola.cat\/es\/#organization"},"alternateName":"vallaltavinicola.cat","potentialAction":[{"@type":"SearchAction","target":{"@type":"EntryPoint","urlTemplate":"https:\/\/vallaltavinicola.cat\/es\/?s={search_term_string}"},"query-input":{"@type":"PropertyValueSpecification","valueRequired":true,"valueName":"search_term_string"}}],"inLanguage":"es"},{"@type":"Organization","@id":"https:\/\/vallaltavinicola.cat\/es\/#organization","name":"Vallalta Vin\u00edcola","alternateName":"vallaltavinicola.cat","url":"https:\/\/vallaltavinicola.cat\/es\/","logo":{"@type":"ImageObject","inLanguage":"es","@id":"https:\/\/vallaltavinicola.cat\/es\/#\/schema\/logo\/image\/","url":"https:\/\/vallaltavinicola.cat\/wp-content\/uploads\/2025\/06\/logo-vallalta-vinicola-idili-grafic.png","contentUrl":"https:\/\/vallaltavinicola.cat\/wp-content\/uploads\/2025\/06\/logo-vallalta-vinicola-idili-grafic.png","width":550,"height":450,"caption":"Vallalta Vin\u00edcola"},"image":{"@id":"https:\/\/vallaltavinicola.cat\/es\/#\/schema\/logo\/image\/"},"sameAs":["https:\/\/www.instagram.com\/vallalta_vinicola\/"]}]}},"_links":{"self":[{"href":"https:\/\/vallaltavinicola.cat\/es\/wp-json\/wp\/v2\/destacat\/627","targetHints":{"allow":["GET"]}}],"collection":[{"href":"https:\/\/vallaltavinicola.cat\/es\/wp-json\/wp\/v2\/destacat"}],"about":[{"href":"https:\/\/vallaltavinicola.cat\/es\/wp-json\/wp\/v2\/types\/destacat"}],"wp:featuredmedia":[{"embeddable":true,"href":"https:\/\/vallaltavinicola.cat\/es\/wp-json\/wp\/v2\/media\/502"}],"wp:attachment":[{"href":"https:\/\/vallaltavinicola.cat\/es\/wp-json\/wp\/v2\/media?parent=627"}],"curies":[{"name":"wp","href":"https:\/\/api.w.org\/{rel}","templated":true}]}}

<p>Cultivamos bajo criterios de Agricultura Regenerativa, implementando prácticas sostenibles que promueven la salud del suelo, la biodiversidad y el equilibrio de los ecosistemas. Estamos certificados por el sello de Producción Agraria Ecológica (CCPAE), reafirmando nuestro compromiso con un vino auténtico, saludable y respetuoso con el territorio.</p>

<!-- This site is optimized with the Yoast SEO plugin v27.1.1 - https://yoast.com/product/yoast-seo-wordpress/ -->
<title>Compromiso con la agricultura regenerativa - Vallalta Vinícola</title>
<meta name="robots" content="index, follow, max-snippet:-1, max-image-preview:large, max-video-preview:-1" />
<link rel="canonical" href="https://vallaltavinicola.cat/es/destacat/compromiso-con-la-agricultura-regenerativa/" />
<meta property="og:locale" content="es_ES" />
<meta property="og:type" content="article" />
<meta property="og:title" content="Compromiso con la agricultura regenerativa - Vallalta Vinícola" />
<meta property="og:description" content="Cultivamos bajo criterios de Agricultura Regenerativa, implementando prácticas sostenibles que promueven la salud del suelo, la biodiversidad y el equilibrio de los ecosistemas. Estamos certificados por el sello de Producción Agraria Ecológica (CCPAE), reafirmando nuestro compromiso con un vino auténtico, saludable y respetuoso con el territorio." />
<meta property="og:url" content="https://vallaltavinicola.cat/es/destacat/compromiso-con-la-agricultura-regenerativa/" />
<meta property="og:site_name" content="Vallalta Vinícola" />
<meta property="article:modified_time" content="2025-08-12T06:37:57+00:00" />
<meta property="og:image" content="https://vallaltavinicola.cat/wp-content/uploads/2025/06/Home_Foto.jpg" />
	<meta property="og:image:width" content="974" />
	<meta property="og:image:height" content="784" />
	<meta property="og:image:type" content="image/jpeg" />
<meta name="twitter:card" content="summary_large_image" />
<script type="application/ld+json" class="yoast-schema-graph">{"@context":"https://schema.org","@graph":[{"@type":"WebPage","@id":"https://vallaltavinicola.cat/es/destacat/compromiso-con-la-agricultura-regenerativa/","url":"https://vallaltavinicola.cat/es/destacat/compromiso-con-la-agricultura-regenerativa/","name":"Compromiso con la agricultura regenerativa - Vallalta Vinícola","isPartOf":{"@id":"https://vallaltavinicola.cat/es/#website"},"primaryImageOfPage":{"@id":"https://vallaltavinicola.cat/es/destacat/compromiso-con-la-agricultura-regenerativa/#primaryimage"},"image":{"@id":"https://vallaltavinicola.cat/es/destacat/compromiso-con-la-agricultura-regenerativa/#primaryimage"},"thumbnailUrl":"https://vallaltavinicola.cat/wp-content/uploads/2025/06/Home_Foto.jpg","datePublished":"2025-07-04T13:22:23+00:00","dateModified":"2025-08-12T06:37:57+00:00","breadcrumb":{"@id":"https://vallaltavinicola.cat/es/destacat/compromiso-con-la-agricultura-regenerativa/#breadcrumb"},"inLanguage":"es","potentialAction":[{"@type":"ReadAction","target":["https://vallaltavinicola.cat/es/destacat/compromiso-con-la-agricultura-regenerativa/"]}]},{"@type":"ImageObject","inLanguage":"es","@id":"https://vallaltavinicola.cat/es/destacat/compromiso-con-la-agricultura-regenerativa/#primaryimage","url":"https://vallaltavinicola.cat/wp-content/uploads/2025/06/Home_Foto.jpg","contentUrl":"https://vallaltavinicola.cat/wp-content/uploads/2025/06/Home_Foto.jpg","width":974,"height":784},{"@type":"BreadcrumbList","@id":"https://vallaltavinicola.cat/es/destacat/compromiso-con-la-agricultura-regenerativa/#breadcrumb","itemListElement":[{"@type":"ListItem","position":1,"name":"Inici","item":"https://vallaltavinicola.cat/es/inicio/"},{"@type":"ListItem","position":2,"name":"Compromiso con la agricultura regenerativa"}]},{"@type":"WebSite","@id":"https://vallaltavinicola.cat/es/#website","url":"https://vallaltavinicola.cat/es/","name":"Vallalta Vinícola","description":"Artesans del vi i de la vinya de l&#039;Alt Maresme","publisher":{"@id":"https://vallaltavinicola.cat/es/#organization"},"alternateName":"vallaltavinicola.cat","potentialAction":[{"@type":"SearchAction","target":{"@type":"EntryPoint","urlTemplate":"https://vallaltavinicola.cat/es/?s={search_term_string}"},"query-input":{"@type":"PropertyValueSpecification","valueRequired":true,"valueName":"search_term_string"}}],"inLanguage":"es"},{"@type":"Organization","@id":"https://vallaltavinicola.cat/es/#organization","name":"Vallalta Vinícola","alternateName":"vallaltavinicola.cat","url":"https://vallaltavinicola.cat/es/","logo":{"@type":"ImageObject","inLanguage":"es","@id":"https://vallaltavinicola.cat/es/#/schema/logo/image/","url":"https://vallaltavinicola.cat/wp-content/uploads/2025/06/logo-vallalta-vinicola-idili-grafic.png","contentUrl":"https://vallaltavinicola.cat/wp-content/uploads/2025/06/logo-vallalta-vinicola-idili-grafic.png","width":550,"height":450,"caption":"Vallalta Vinícola"},"image":{"@id":"https://vallaltavinicola.cat/es/#/schema/logo/image/"},"sameAs":["https://www.instagram.com/vallalta_vinicola/"]}]}</script>
<!-- / Yoast SEO plugin. -->

Compromiso con la agricultura regenerativa - Vallalta Vinícola

Cultivamos bajo criterios de Agricultura Regenerativa, implementando prácticas sostenibles que promueven la salud del suelo, la biodiversidad y el equilibrio de los ecosistemas. Estamos certificados por el sello de Producción Agraria Ecológica (CCPAE), reafirmando nuestro compromiso con un vino auténtico, saludable y respetuoso con el territorio.

Vallalta Vinícola
