{"id":624,"date":"2025-07-04T15:23:12","date_gmt":"2025-07-04T13:23:12","guid":{"rendered":"https:\/\/vallaltavinicola.cat\/destacat\/elaboracion-de-nuestros-vinos\/"},"modified":"2025-08-12T08:37:20","modified_gmt":"2025-08-12T06:37:20","slug":"elaboracion-de-nuestros-vinos","status":"publish","type":"destacat","link":"https:\/\/vallaltavinicola.cat\/es\/destacat\/elaboracion-de-nuestros-vinos\/","title":{"rendered":"Elaboraci\u00f3n de nuestros vinos"},"content":{"rendered":"\n<p>Peque\u00f1as producciones, con una selecci\u00f3n manual de las uvas y un proceso artesanal que respeta el ritmo de la naturaleza y la expresi\u00f3n del territorio. Cada paso, desde la cepa hasta la botella, se da con cuidado y conciencia. Porque creemos que son las peque\u00f1as decisiones las que construyen grandes vinos: honestos, vivos y con alma.<\/p>\n","protected":false},"featured_media":508,"template":"","meta":{"_acf_changed":false},"class_list":["post-624","destacat","type-destacat","status-publish","has-post-thumbnail","hentry"],"acf":[],"yoast_head":"<!-- This site is optimized with the Yoast SEO plugin v27.1.1 - https:\/\/yoast.com\/product\/yoast-seo-wordpress\/ -->\n<title>Elaboraci\u00f3n de nuestros vinos - Vallalta Vin\u00edcola<\/title>\n<meta name=\"robots\" content=\"index, follow, max-snippet:-1, max-image-preview:large, max-video-preview:-1\" \/>\n<link rel=\"canonical\" href=\"https:\/\/vallaltavinicola.cat\/es\/destacat\/elaboracion-de-nuestros-vinos\/\" \/>\n<meta property=\"og:locale\" content=\"es_ES\" \/>\n<meta property=\"og:type\" content=\"article\" \/>\n<meta property=\"og:title\" content=\"Elaboraci\u00f3n de nuestros vinos - Vallalta Vin\u00edcola\" \/>\n<meta property=\"og:description\" content=\"Peque\u00f1as producciones, con una selecci\u00f3n manual de las uvas y un proceso artesanal que respeta el ritmo de la naturaleza y la expresi\u00f3n del territorio. Cada paso, desde la cepa hasta la botella, se da con cuidado y conciencia. Porque creemos que son las peque\u00f1as decisiones las que construyen grandes vinos: honestos, vivos y con ... Leer m\u00e1s\" \/>\n<meta property=\"og:url\" content=\"https:\/\/vallaltavinicola.cat\/es\/destacat\/elaboracion-de-nuestros-vinos\/\" \/>\n<meta property=\"og:site_name\" content=\"Vallalta Vin\u00edcola\" \/>\n<meta property=\"article:modified_time\" content=\"2025-08-12T06:37:20+00:00\" \/>\n<meta property=\"og:image\" content=\"https:\/\/vallaltavinicola.cat\/wp-content\/uploads\/2025\/06\/Captura-de-pantalla-2025-06-25-a-las-11.48.15.png\" \/>\n\t<meta property=\"og:image:width\" content=\"964\" \/>\n\t<meta property=\"og:image:height\" content=\"1296\" \/>\n\t<meta property=\"og:image:type\" content=\"image\/png\" \/>\n<meta name=\"twitter:card\" content=\"summary_large_image\" \/>\n<script type=\"application\/ld+json\" class=\"yoast-schema-graph\">{\"@context\":\"https:\/\/schema.org\",\"@graph\":[{\"@type\":\"WebPage\",\"@id\":\"https:\/\/vallaltavinicola.cat\/es\/destacat\/elaboracion-de-nuestros-vinos\/\",\"url\":\"https:\/\/vallaltavinicola.cat\/es\/destacat\/elaboracion-de-nuestros-vinos\/\",\"name\":\"Elaboraci\u00f3n de nuestros vinos - Vallalta Vin\u00edcola\",\"isPartOf\":{\"@id\":\"https:\/\/vallaltavinicola.cat\/es\/#website\"},\"primaryImageOfPage\":{\"@id\":\"https:\/\/vallaltavinicola.cat\/es\/destacat\/elaboracion-de-nuestros-vinos\/#primaryimage\"},\"image\":{\"@id\":\"https:\/\/vallaltavinicola.cat\/es\/destacat\/elaboracion-de-nuestros-vinos\/#primaryimage\"},\"thumbnailUrl\":\"https:\/\/vallaltavinicola.cat\/wp-content\/uploads\/2025\/06\/Captura-de-pantalla-2025-06-25-a-las-11.48.15.png\",\"datePublished\":\"2025-07-04T13:23:12+00:00\",\"dateModified\":\"2025-08-12T06:37:20+00:00\",\"breadcrumb\":{\"@id\":\"https:\/\/vallaltavinicola.cat\/es\/destacat\/elaboracion-de-nuestros-vinos\/#breadcrumb\"},\"inLanguage\":\"es\",\"potentialAction\":[{\"@type\":\"ReadAction\",\"target\":[\"https:\/\/vallaltavinicola.cat\/es\/destacat\/elaboracion-de-nuestros-vinos\/\"]}]},{\"@type\":\"ImageObject\",\"inLanguage\":\"es\",\"@id\":\"https:\/\/vallaltavinicola.cat\/es\/destacat\/elaboracion-de-nuestros-vinos\/#primaryimage\",\"url\":\"https:\/\/vallaltavinicola.cat\/wp-content\/uploads\/2025\/06\/Captura-de-pantalla-2025-06-25-a-las-11.48.15.png\",\"contentUrl\":\"https:\/\/vallaltavinicola.cat\/wp-content\/uploads\/2025\/06\/Captura-de-pantalla-2025-06-25-a-las-11.48.15.png\",\"width\":964,\"height\":1296},{\"@type\":\"BreadcrumbList\",\"@id\":\"https:\/\/vallaltavinicola.cat\/es\/destacat\/elaboracion-de-nuestros-vinos\/#breadcrumb\",\"itemListElement\":[{\"@type\":\"ListItem\",\"position\":1,\"name\":\"Inici\",\"item\":\"https:\/\/vallaltavinicola.cat\/es\/inicio\/\"},{\"@type\":\"ListItem\",\"position\":2,\"name\":\"Elaboraci\u00f3n de nuestros vinos\"}]},{\"@type\":\"WebSite\",\"@id\":\"https:\/\/vallaltavinicola.cat\/es\/#website\",\"url\":\"https:\/\/vallaltavinicola.cat\/es\/\",\"name\":\"Vallalta Vin\u00edcola\",\"description\":\"Artesans del vi i de la vinya de l&#039;Alt Maresme\",\"publisher\":{\"@id\":\"https:\/\/vallaltavinicola.cat\/es\/#organization\"},\"alternateName\":\"vallaltavinicola.cat\",\"potentialAction\":[{\"@type\":\"SearchAction\",\"target\":{\"@type\":\"EntryPoint\",\"urlTemplate\":\"https:\/\/vallaltavinicola.cat\/es\/?s={search_term_string}\"},\"query-input\":{\"@type\":\"PropertyValueSpecification\",\"valueRequired\":true,\"valueName\":\"search_term_string\"}}],\"inLanguage\":\"es\"},{\"@type\":\"Organization\",\"@id\":\"https:\/\/vallaltavinicola.cat\/es\/#organization\",\"name\":\"Vallalta Vin\u00edcola\",\"alternateName\":\"vallaltavinicola.cat\",\"url\":\"https:\/\/vallaltavinicola.cat\/es\/\",\"logo\":{\"@type\":\"ImageObject\",\"inLanguage\":\"es\",\"@id\":\"https:\/\/vallaltavinicola.cat\/es\/#\/schema\/logo\/image\/\",\"url\":\"https:\/\/vallaltavinicola.cat\/wp-content\/uploads\/2025\/06\/logo-vallalta-vinicola-idili-grafic.png\",\"contentUrl\":\"https:\/\/vallaltavinicola.cat\/wp-content\/uploads\/2025\/06\/logo-vallalta-vinicola-idili-grafic.png\",\"width\":550,\"height\":450,\"caption\":\"Vallalta Vin\u00edcola\"},\"image\":{\"@id\":\"https:\/\/vallaltavinicola.cat\/es\/#\/schema\/logo\/image\/\"},\"sameAs\":[\"https:\/\/www.instagram.com\/vallalta_vinicola\/\"]}]}<\/script>\n<!-- \/ Yoast SEO plugin. -->","yoast_head_json":{"title":"Elaboraci\u00f3n de nuestros vinos - Vallalta Vin\u00edcola","robots":{"index":"index","follow":"follow","max-snippet":"max-snippet:-1","max-image-preview":"max-image-preview:large","max-video-preview":"max-video-preview:-1"},"canonical":"https:\/\/vallaltavinicola.cat\/es\/destacat\/elaboracion-de-nuestros-vinos\/","og_locale":"es_ES","og_type":"article","og_title":"Elaboraci\u00f3n de nuestros vinos - Vallalta Vin\u00edcola","og_description":"Peque\u00f1as producciones, con una selecci\u00f3n manual de las uvas y un proceso artesanal que respeta el ritmo de la naturaleza y la expresi\u00f3n del territorio. Cada paso, desde la cepa hasta la botella, se da con cuidado y conciencia. Porque creemos que son las peque\u00f1as decisiones las que construyen grandes vinos: honestos, vivos y con ... Leer m\u00e1s","og_url":"https:\/\/vallaltavinicola.cat\/es\/destacat\/elaboracion-de-nuestros-vinos\/","og_site_name":"Vallalta Vin\u00edcola","article_modified_time":"2025-08-12T06:37:20+00:00","og_image":[{"width":964,"height":1296,"url":"https:\/\/vallaltavinicola.cat\/wp-content\/uploads\/2025\/06\/Captura-de-pantalla-2025-06-25-a-las-11.48.15.png","type":"image\/png"}],"twitter_card":"summary_large_image","schema":{"@context":"https:\/\/schema.org","@graph":[{"@type":"WebPage","@id":"https:\/\/vallaltavinicola.cat\/es\/destacat\/elaboracion-de-nuestros-vinos\/","url":"https:\/\/vallaltavinicola.cat\/es\/destacat\/elaboracion-de-nuestros-vinos\/","name":"Elaboraci\u00f3n de nuestros vinos - Vallalta Vin\u00edcola","isPartOf":{"@id":"https:\/\/vallaltavinicola.cat\/es\/#website"},"primaryImageOfPage":{"@id":"https:\/\/vallaltavinicola.cat\/es\/destacat\/elaboracion-de-nuestros-vinos\/#primaryimage"},"image":{"@id":"https:\/\/vallaltavinicola.cat\/es\/destacat\/elaboracion-de-nuestros-vinos\/#primaryimage"},"thumbnailUrl":"https:\/\/vallaltavinicola.cat\/wp-content\/uploads\/2025\/06\/Captura-de-pantalla-2025-06-25-a-las-11.48.15.png","datePublished":"2025-07-04T13:23:12+00:00","dateModified":"2025-08-12T06:37:20+00:00","breadcrumb":{"@id":"https:\/\/vallaltavinicola.cat\/es\/destacat\/elaboracion-de-nuestros-vinos\/#breadcrumb"},"inLanguage":"es","potentialAction":[{"@type":"ReadAction","target":["https:\/\/vallaltavinicola.cat\/es\/destacat\/elaboracion-de-nuestros-vinos\/"]}]},{"@type":"ImageObject","inLanguage":"es","@id":"https:\/\/vallaltavinicola.cat\/es\/destacat\/elaboracion-de-nuestros-vinos\/#primaryimage","url":"https:\/\/vallaltavinicola.cat\/wp-content\/uploads\/2025\/06\/Captura-de-pantalla-2025-06-25-a-las-11.48.15.png","contentUrl":"https:\/\/vallaltavinicola.cat\/wp-content\/uploads\/2025\/06\/Captura-de-pantalla-2025-06-25-a-las-11.48.15.png","width":964,"height":1296},{"@type":"BreadcrumbList","@id":"https:\/\/vallaltavinicola.cat\/es\/destacat\/elaboracion-de-nuestros-vinos\/#breadcrumb","itemListElement":[{"@type":"ListItem","position":1,"name":"Inici","item":"https:\/\/vallaltavinicola.cat\/es\/inicio\/"},{"@type":"ListItem","position":2,"name":"Elaboraci\u00f3n de nuestros vinos"}]},{"@type":"WebSite","@id":"https:\/\/vallaltavinicola.cat\/es\/#website","url":"https:\/\/vallaltavinicola.cat\/es\/","name":"Vallalta Vin\u00edcola","description":"Artesans del vi i de la vinya de l&#039;Alt Maresme","publisher":{"@id":"https:\/\/vallaltavinicola.cat\/es\/#organization"},"alternateName":"vallaltavinicola.cat","potentialAction":[{"@type":"SearchAction","target":{"@type":"EntryPoint","urlTemplate":"https:\/\/vallaltavinicola.cat\/es\/?s={search_term_string}"},"query-input":{"@type":"PropertyValueSpecification","valueRequired":true,"valueName":"search_term_string"}}],"inLanguage":"es"},{"@type":"Organization","@id":"https:\/\/vallaltavinicola.cat\/es\/#organization","name":"Vallalta Vin\u00edcola","alternateName":"vallaltavinicola.cat","url":"https:\/\/vallaltavinicola.cat\/es\/","logo":{"@type":"ImageObject","inLanguage":"es","@id":"https:\/\/vallaltavinicola.cat\/es\/#\/schema\/logo\/image\/","url":"https:\/\/vallaltavinicola.cat\/wp-content\/uploads\/2025\/06\/logo-vallalta-vinicola-idili-grafic.png","contentUrl":"https:\/\/vallaltavinicola.cat\/wp-content\/uploads\/2025\/06\/logo-vallalta-vinicola-idili-grafic.png","width":550,"height":450,"caption":"Vallalta Vin\u00edcola"},"image":{"@id":"https:\/\/vallaltavinicola.cat\/es\/#\/schema\/logo\/image\/"},"sameAs":["https:\/\/www.instagram.com\/vallalta_vinicola\/"]}]}},"_links":{"self":[{"href":"https:\/\/vallaltavinicola.cat\/es\/wp-json\/wp\/v2\/destacat\/624","targetHints":{"allow":["GET"]}}],"collection":[{"href":"https:\/\/vallaltavinicola.cat\/es\/wp-json\/wp\/v2\/destacat"}],"about":[{"href":"https:\/\/vallaltavinicola.cat\/es\/wp-json\/wp\/v2\/types\/destacat"}],"wp:featuredmedia":[{"embeddable":true,"href":"https:\/\/vallaltavinicola.cat\/es\/wp-json\/wp\/v2\/media\/508"}],"wp:attachment":[{"href":"https:\/\/vallaltavinicola.cat\/es\/wp-json\/wp\/v2\/media?parent=624"}],"curies":[{"name":"wp","href":"https:\/\/api.w.org\/{rel}","templated":true}]}}

Elaboración de nuestros vinos

<p>Pequeñas producciones, con una selección manual de las uvas y un proceso artesanal que respeta el ritmo de la naturaleza y la expresión del territorio. Cada paso, desde la cepa hasta la botella, se da con cuidado y conciencia. Porque creemos que son las pequeñas decisiones las que construyen grandes vinos: honestos, vivos y con alma.</p>

<!-- This site is optimized with the Yoast SEO plugin v27.1.1 - https://yoast.com/product/yoast-seo-wordpress/ -->
<title>Elaboración de nuestros vinos - Vallalta Vinícola</title>
<meta name="robots" content="index, follow, max-snippet:-1, max-image-preview:large, max-video-preview:-1" />
<link rel="canonical" href="https://vallaltavinicola.cat/es/destacat/elaboracion-de-nuestros-vinos/" />
<meta property="og:locale" content="es_ES" />
<meta property="og:type" content="article" />
<meta property="og:title" content="Elaboración de nuestros vinos - Vallalta Vinícola" />
<meta property="og:description" content="Pequeñas producciones, con una selección manual de las uvas y un proceso artesanal que respeta el ritmo de la naturaleza y la expresión del territorio. Cada paso, desde la cepa hasta la botella, se da con cuidado y conciencia. Porque creemos que son las pequeñas decisiones las que construyen grandes vinos: honestos, vivos y con ... Leer más" />
<meta property="og:url" content="https://vallaltavinicola.cat/es/destacat/elaboracion-de-nuestros-vinos/" />
<meta property="og:site_name" content="Vallalta Vinícola" />
<meta property="article:modified_time" content="2025-08-12T06:37:20+00:00" />
<meta property="og:image" content="https://vallaltavinicola.cat/wp-content/uploads/2025/06/Captura-de-pantalla-2025-06-25-a-las-11.48.15.png" />
	<meta property="og:image:width" content="964" />
	<meta property="og:image:height" content="1296" />
	<meta property="og:image:type" content="image/png" />
<meta name="twitter:card" content="summary_large_image" />
<script type="application/ld+json" class="yoast-schema-graph">{"@context":"https://schema.org","@graph":[{"@type":"WebPage","@id":"https://vallaltavinicola.cat/es/destacat/elaboracion-de-nuestros-vinos/","url":"https://vallaltavinicola.cat/es/destacat/elaboracion-de-nuestros-vinos/","name":"Elaboración de nuestros vinos - Vallalta Vinícola","isPartOf":{"@id":"https://vallaltavinicola.cat/es/#website"},"primaryImageOfPage":{"@id":"https://vallaltavinicola.cat/es/destacat/elaboracion-de-nuestros-vinos/#primaryimage"},"image":{"@id":"https://vallaltavinicola.cat/es/destacat/elaboracion-de-nuestros-vinos/#primaryimage"},"thumbnailUrl":"https://vallaltavinicola.cat/wp-content/uploads/2025/06/Captura-de-pantalla-2025-06-25-a-las-11.48.15.png","datePublished":"2025-07-04T13:23:12+00:00","dateModified":"2025-08-12T06:37:20+00:00","breadcrumb":{"@id":"https://vallaltavinicola.cat/es/destacat/elaboracion-de-nuestros-vinos/#breadcrumb"},"inLanguage":"es","potentialAction":[{"@type":"ReadAction","target":["https://vallaltavinicola.cat/es/destacat/elaboracion-de-nuestros-vinos/"]}]},{"@type":"ImageObject","inLanguage":"es","@id":"https://vallaltavinicola.cat/es/destacat/elaboracion-de-nuestros-vinos/#primaryimage","url":"https://vallaltavinicola.cat/wp-content/uploads/2025/06/Captura-de-pantalla-2025-06-25-a-las-11.48.15.png","contentUrl":"https://vallaltavinicola.cat/wp-content/uploads/2025/06/Captura-de-pantalla-2025-06-25-a-las-11.48.15.png","width":964,"height":1296},{"@type":"BreadcrumbList","@id":"https://vallaltavinicola.cat/es/destacat/elaboracion-de-nuestros-vinos/#breadcrumb","itemListElement":[{"@type":"ListItem","position":1,"name":"Inici","item":"https://vallaltavinicola.cat/es/inicio/"},{"@type":"ListItem","position":2,"name":"Elaboración de nuestros vinos"}]},{"@type":"WebSite","@id":"https://vallaltavinicola.cat/es/#website","url":"https://vallaltavinicola.cat/es/","name":"Vallalta Vinícola","description":"Artesans del vi i de la vinya de l&#039;Alt Maresme","publisher":{"@id":"https://vallaltavinicola.cat/es/#organization"},"alternateName":"vallaltavinicola.cat","potentialAction":[{"@type":"SearchAction","target":{"@type":"EntryPoint","urlTemplate":"https://vallaltavinicola.cat/es/?s={search_term_string}"},"query-input":{"@type":"PropertyValueSpecification","valueRequired":true,"valueName":"search_term_string"}}],"inLanguage":"es"},{"@type":"Organization","@id":"https://vallaltavinicola.cat/es/#organization","name":"Vallalta Vinícola","alternateName":"vallaltavinicola.cat","url":"https://vallaltavinicola.cat/es/","logo":{"@type":"ImageObject","inLanguage":"es","@id":"https://vallaltavinicola.cat/es/#/schema/logo/image/","url":"https://vallaltavinicola.cat/wp-content/uploads/2025/06/logo-vallalta-vinicola-idili-grafic.png","contentUrl":"https://vallaltavinicola.cat/wp-content/uploads/2025/06/logo-vallalta-vinicola-idili-grafic.png","width":550,"height":450,"caption":"Vallalta Vinícola"},"image":{"@id":"https://vallaltavinicola.cat/es/#/schema/logo/image/"},"sameAs":["https://www.instagram.com/vallalta_vinicola/"]}]}</script>
<!-- / Yoast SEO plugin. -->

Elaboración de nuestros vinos - Vallalta Vinícola

Pequeñas producciones, con una selección manual de las uvas y un proceso artesanal que respeta el ritmo de la naturaleza y la expresión del territorio. Cada paso, desde la cepa hasta la botella, se da con cuidado y conciencia. Porque creemos que son las pequeñas decisiones las que construyen grandes vinos: honestos, vivos y con ... Leer más

Vallalta Vinícola
